{"id":34,"date":"2026-02-20T11:08:01","date_gmt":"2026-02-20T11:08:01","guid":{"rendered":"https:\/\/casasuspiro.com\/?page_id=34"},"modified":"2026-03-24T10:34:28","modified_gmt":"2026-03-24T10:34:28","slug":"reservations","status":"publish","type":"page","link":"https:\/\/casasuspiro.com\/index.php\/reservations\/","title":{"rendered":"R\u00e9servations"},"content":{"rendered":"\t\t<div data-elementor-type=\"wp-page\" data-elementor-id=\"34\" class=\"elementor elementor-34\">\n\t\t\t\t<div class=\"elementor-element elementor-element-1e195ce e-flex e-con-boxed e-con e-parent\" data-id=\"1e195ce\" data-element_type=\"container\" data-e-type=\"container\">\n\t\t\t\t\t<div class=\"e-con-inner\">\n\t\t\t\t<div class=\"elementor-element elementor-element-50bd3bf elementor-widget elementor-widget-shortcode\" data-id=\"50bd3bf\" data-element_type=\"widget\" data-e-type=\"widget\" data-widget_type=\"shortcode.default\">\n\t\t\t\t\t\t\t<div class=\"elementor-shortcode\"><div class=\"hotelier\">\n\t\n\n<form name=\"hotelier_datepicker\" method=\"post\" id=\"hotelier-datepicker\" class=\"datepicker-form \" action=\"https:\/\/casasuspiro.com\/index.php\/reservations\/\" enctype=\"multipart\/form-data\">\n\n\t\n\t<span class=\"datepicker-input-select-wrapper\"><input class=\"datepicker-input-select\" type=\"text\" id=\"hotelier-datepicker-select\" value=\"\"><\/span>\n\t<input type=\"text\" id=\"hotelier-datepicker-checkin\" class=\"datepicker-input datepicker-input--checkin\" name=\"checkin\" value=\"2026-04-26\" style=\"display: none;\">\n\t<input type=\"text\" id=\"hotelier-datepicker-checkout\" class=\"datepicker-input datepicker-input--checkout\" name=\"checkout\" value=\"2026-04-27\" style=\"display: none;\">\n\n\t<input type=\"submit\" class=\"button button--datepicker\" name=\"hotelier_datepicker_button\" id=\"datepicker-button\" value=\"V\u00e9rifier la disponibilit\u00e9\" \/><\/form>\n\n\n\t\n\n\t<p class=\"selected-nights\">S\u00e9jour de 1 nuit<\/p>\n\n\n\t<form name=\"room_list\" method=\"post\" id=\"form--listing\" class=\"form--listing listing\" enctype=\"multipart\/form-data\">\n\n\t\t\n\t\t\n\t\t\n<ul class=\"listing__list\">\n\n\t\t\t\n\t\t\t\n\t\t\t\t\n\t\t\t\t\t\n<li class=\"listing__room listing__room--standard post-207 room type-room status-publish has-post-thumbnail hentry\">\n\n\t<div class=\"room__content-wrapper\">\n\n\t\t<div class=\"room__content room__content--listing\">\n\n\t\t\t\n\n<h3 class=\"room__name room__name--listing\"><a class=\"room__link room__link--listing\" href=\"https:\/\/casasuspiro.com\/index.php\/rooms\/chambre-double-1\/\" rel=\"bookmark\">Chambre Double 1<\/a><\/h3>\n\n\t\t\t<div class=\"room__gallery room__gallery--listing\">\n\n\t\t\t\t\n<div class=\"room__image room__image--listing\">\n\n\t<a href=\"https:\/\/casasuspiro.com\/wp-content\/uploads\/2026\/03\/small-bedroom-Copie.jpg\" data-size=\"2400x1601\" data-index=\"0\" class=\"room__gallery-thumbnail room__gallery-thumbnail--visible room__gallery-thumbnail--listing\" title=\"\"><img decoding=\"async\" width=\"75\" height=\"75\" src=\"https:\/\/casasuspiro.com\/wp-content\/uploads\/2026\/03\/small-bedroom-Copie-75x75.jpg\" class=\"attachment-room_thumbnail size-room_thumbnail wp-post-image\" alt=\"small bedroom &#8211; Copie\" title=\"small bedroom &#8211; Copie\" srcset=\"https:\/\/casasuspiro.com\/wp-content\/uploads\/2026\/03\/small-bedroom-Copie-75x75.jpg 75w, https:\/\/casasuspiro.com\/wp-content\/uploads\/2026\/03\/small-bedroom-Copie-150x150.jpg 150w, https:\/\/casasuspiro.com\/wp-content\/uploads\/2026\/03\/small-bedroom-Copie-300x300.jpg 300w, https:\/\/casasuspiro.com\/wp-content\/uploads\/2026\/03\/small-bedroom-Copie-600x600.jpg 600w\" sizes=\"(max-width: 75px) 100vw, 75px\" \/><\/a><\/div>\n\n\t<p><a href=\"#thumbnails-207\" class=\"room__gallery-link room__gallery-link--listing\" data-index=\"0\">Voir la galerie<\/a><\/p>\n\n\t<ul style=\"display:none\">\n\n\t\t<li><a href=\"https:\/\/casasuspiro.com\/wp-content\/uploads\/2026\/03\/small-bedroom-Copie.jpg\" data-size=\"2400x1601\" data-index=\"1\" class=\"room__gallery-thumbnail room__gallery-thumbnail--listing\" title=\"\">small bedroom &#8211; Copie<\/a><\/li><li><a href=\"https:\/\/casasuspiro.com\/wp-content\/uploads\/2026\/03\/26-1-1.png\" data-size=\"1920x1080\" data-index=\"2\" class=\"room__gallery-thumbnail room__gallery-thumbnail--listing\" title=\"\">26 (1) (1)<\/a><\/li><li><a href=\"https:\/\/casasuspiro.com\/wp-content\/uploads\/2026\/03\/6d51bf40-595a-434d-91b4-46d111448b96-1-1.png\" data-size=\"1920x1080\" data-index=\"3\" class=\"room__gallery-thumbnail room__gallery-thumbnail--listing\" title=\"\">6d51bf40-595a-434d-91b4-46d111448b96 (1)<\/a><\/li>\n\t<\/ul>\n\n\n\t\t\t<\/div>\n\n\t\t\t\n<div class=\"room__description room__description--listing\">\n\t<p>Les chambres classiques, d\u2019une superficie de 16 m\u00b2, disposent d\u2019une salle de bains attenante et d\u2019un balcon donnant sur le patio. Toutes les chambres ont acc\u00e8s aux salles communes: cuisines, salons, terrasse et piscine.<\/p>\n<\/div>\n\n<p class=\"room__more\"><a class=\"room__more-link\" href=\"#room-details-207\" data-closed=\"En savoir plus sur cette chambre\" data-open=\"Masquer les d\u00e9tails de la chambre\">En savoir plus sur cette chambre<\/a><\/p>\n\n\t\t\t<div id=\"room-details-207\" class=\"room__details room__details--listing\">\n\n\t\t\t\t\n\n<div class=\"room__meta room__meta--listing\">\n\n\t\t\t<p class=\"room__size room__size--listing\"><strong>Taille de la chambre\u00a0:<\/strong> 16 m\u00b2<\/p>\n\t\n\t\n<\/div>\n\n\t\t\t<\/div>\n\n\t\t\t\n<div class=\"room__deposit room__deposit--listing\">\n\t<span class=\"room__deposit-label room__deposit-label--listing\">Acompte obligatoire<\/span>\n\t<span class=\"room__deposit-amount room__deposit-amount--listing\">20%<\/span>\n<\/div>\n\n\n\t\t\t\n<div class=\"room__max-guests\">\n\t<strong class=\"room__max-guests-label\">Clients\u00a0:<\/strong> <span class=\"max max2\">2<\/span>\n\n\t<\/div>\n\n\t\t\t\n\t\t\t\n\t\t\t\n\t\t\t\n\t\t\t\t\n\n\t\t\t\n\t\t<\/div><!-- .room__content -->\n\n\t\t<div class=\"room__actions\">\n\n\t\t\n\t<div class=\"room__price-wrapper room__price-wrapper--listing\">\n\t\t<span class=\"room__price room__price--listing\">Prix\u00a0: <span class=\"amount\">&euro;130.00<\/span><\/span>\n\t\t<span class=\"room__price-description\">Les prix sont par chambre<\/span>\n\t<\/div>\n\n\n\t\t\n\t\t\t\t\n\t\t\t\t\n<div class=\"add-to-cart-wrapper\">\n\n\t\n\t\t\n\t\t\n<div class=\"room-quantity\">\n\t<label class=\"room-quantity__label\" for=\"add-to-cart-room[5b2c74934134a21a3c3422c02af6dfd7]\">Num\u00e9ro de chambre<\/label>\n\t<input type=\"number\" id=\"add-to-cart-room[5b2c74934134a21a3c3422c02af6dfd7]\" step=\"1\" min=\"0\" max=\"3\" name=\"quantity[5b2c74934134a21a3c3422c02af6dfd7]\" value=\"0\" title=\"Qt\u00e9\" class=\"input-text room-quantity__input\" size=\"4\" \/>\n\n\t\n\t\n\t<\/div>\n\n\t\t<input type=\"hidden\" name=\"add_to_cart_room[5b2c74934134a21a3c3422c02af6dfd7]\" value=\"207\" \/>\n\t\t<input type=\"hidden\" name=\"rate_id[5b2c74934134a21a3c3422c02af6dfd7]\" value=\"0\" \/>\n\n\t\t<a href=\"#reserve-button\" data-selected-text-singular=\"Chambre s\u00e9lectionn\u00e9e\" data-selected-text-plural=\"Chambres s\u00e9lectionn\u00e9es\" class=\"button button--add-to-cart\">R\u00e9server maintenant<\/a>\n\n\t\t\n\t\n<\/div>\n\n\t\t\t\t<\/div><!-- .room__actions -->\n\n\t\t\t<\/div><!-- .room__content-wrapper -->\n\n\t\t\n\t\t<\/li>\n\n\t\t\t\t\n\t\t\t\t\t\n<li class=\"listing__room listing__room--standard post-246 room type-room status-publish has-post-thumbnail hentry\">\n\n\t<div class=\"room__content-wrapper\">\n\n\t\t<div class=\"room__content room__content--listing\">\n\n\t\t\t\n\n<h3 class=\"room__name room__name--listing\"><a class=\"room__link room__link--listing\" href=\"https:\/\/casasuspiro.com\/index.php\/rooms\/chambre-double-3\/\" rel=\"bookmark\">Chambre double 3<\/a><\/h3>\n\n\t\t\t<div class=\"room__gallery room__gallery--listing\">\n\n\t\t\t\t\n<div class=\"room__image room__image--listing\">\n\n\t<a href=\"https:\/\/casasuspiro.com\/wp-content\/uploads\/2026\/03\/72350f0b-bd46-4bc2-87b6-2ceb91ef95ff.png\" data-size=\"1920x1080\" data-index=\"0\" class=\"room__gallery-thumbnail room__gallery-thumbnail--visible room__gallery-thumbnail--listing\" title=\"\"><img decoding=\"async\" width=\"75\" height=\"75\" src=\"https:\/\/casasuspiro.com\/wp-content\/uploads\/2026\/03\/72350f0b-bd46-4bc2-87b6-2ceb91ef95ff-75x75.png\" class=\"attachment-room_thumbnail size-room_thumbnail wp-post-image\" alt=\"72350f0b-bd46-4bc2-87b6-2ceb91ef95ff\" title=\"72350f0b-bd46-4bc2-87b6-2ceb91ef95ff\" srcset=\"https:\/\/casasuspiro.com\/wp-content\/uploads\/2026\/03\/72350f0b-bd46-4bc2-87b6-2ceb91ef95ff-75x75.png 75w, https:\/\/casasuspiro.com\/wp-content\/uploads\/2026\/03\/72350f0b-bd46-4bc2-87b6-2ceb91ef95ff-150x150.png 150w, https:\/\/casasuspiro.com\/wp-content\/uploads\/2026\/03\/72350f0b-bd46-4bc2-87b6-2ceb91ef95ff-300x300.png 300w, https:\/\/casasuspiro.com\/wp-content\/uploads\/2026\/03\/72350f0b-bd46-4bc2-87b6-2ceb91ef95ff-600x600.png 600w\" sizes=\"(max-width: 75px) 100vw, 75px\" \/><\/a><\/div>\n\n\t<p><a href=\"#thumbnails-246\" class=\"room__gallery-link room__gallery-link--listing\" data-index=\"0\">Voir la galerie<\/a><\/p>\n\n\t<ul style=\"display:none\">\n\n\t\t<li><a href=\"https:\/\/casasuspiro.com\/wp-content\/uploads\/2026\/03\/72350f0b-bd46-4bc2-87b6-2ceb91ef95ff.png\" data-size=\"1920x1080\" data-index=\"1\" class=\"room__gallery-thumbnail room__gallery-thumbnail--listing\" title=\"\">72350f0b-bd46-4bc2-87b6-2ceb91ef95ff<\/a><\/li><li><a href=\"https:\/\/casasuspiro.com\/wp-content\/uploads\/2026\/03\/c6965e1b-050e-4d91-9f36-997be02861a1.png\" data-size=\"1920x1080\" data-index=\"2\" class=\"room__gallery-thumbnail room__gallery-thumbnail--listing\" title=\"\">c6965e1b-050e-4d91-9f36-997be02861a1<\/a><\/li><li><a href=\"https:\/\/casasuspiro.com\/wp-content\/uploads\/2026\/03\/26-1-1-1.png\" data-size=\"1920x1080\" data-index=\"3\" class=\"room__gallery-thumbnail room__gallery-thumbnail--listing\" title=\"\">26 (1) (1)<\/a><\/li>\n\t<\/ul>\n\n\n\t\t\t<\/div>\n\n\t\t\t\n<div class=\"room__description room__description--listing\">\n\t<p>Les chambres classiques, d\u2019une superficie de 16 m\u00b2, disposent d\u2019une salle de bains attenante et d\u2019un balcon donnant sur le patio. Toutes les chambres ont acc\u00e8s aux salles communes: cuisines, salons, terrasse et piscine.<\/p>\n<\/div>\n\n<p class=\"room__more\"><a class=\"room__more-link\" href=\"#room-details-246\" data-closed=\"En savoir plus sur cette chambre\" data-open=\"Masquer les d\u00e9tails de la chambre\">En savoir plus sur cette chambre<\/a><\/p>\n\n\t\t\t<div id=\"room-details-246\" class=\"room__details room__details--listing\">\n\n\t\t\t\t\n\n<div class=\"room__meta room__meta--listing\">\n\n\t\t\t<p class=\"room__size room__size--listing\"><strong>Taille de la chambre\u00a0:<\/strong> 16 m\u00b2<\/p>\n\t\n\t\n<\/div>\n\n\t\t\t<\/div>\n\n\t\t\t\n<div class=\"room__deposit room__deposit--listing\">\n\t<span class=\"room__deposit-label room__deposit-label--listing\">Acompte obligatoire<\/span>\n\t<span class=\"room__deposit-amount room__deposit-amount--listing\">20%<\/span>\n<\/div>\n\n\n\t\t\t\n<div class=\"room__max-guests\">\n\t<strong class=\"room__max-guests-label\">Clients\u00a0:<\/strong> <span class=\"max max2\">2<\/span>\n\n\t<\/div>\n\n\t\t\t\n\t\t\t\n\t\t\t\n\t\t\t\n\t\t\t\t\n\n\t\t\t\n\t\t<\/div><!-- .room__content -->\n\n\t\t<div class=\"room__actions\">\n\n\t\t\n\t<div class=\"room__price-wrapper room__price-wrapper--listing\">\n\t\t<span class=\"room__price room__price--listing\">Prix\u00a0: <span class=\"amount\">&euro;130.00<\/span><\/span>\n\t\t<span class=\"room__price-description\">Les prix sont par chambre<\/span>\n\t<\/div>\n\n\n\t\t\n\t\t\t\t\n\t\t\t\t\n<div class=\"add-to-cart-wrapper\">\n\n\t\n\t\t\n\t\t\n<div class=\"room-quantity\">\n\t<label class=\"room-quantity__label\" for=\"add-to-cart-room[404359aabfd6b76ad43f09d4945425a9]\">Num\u00e9ro de chambre<\/label>\n\t<input type=\"number\" id=\"add-to-cart-room[404359aabfd6b76ad43f09d4945425a9]\" step=\"1\" min=\"0\" max=\"3\" name=\"quantity[404359aabfd6b76ad43f09d4945425a9]\" value=\"0\" title=\"Qt\u00e9\" class=\"input-text room-quantity__input\" size=\"4\" \/>\n\n\t\n\t\n\t<\/div>\n\n\t\t<input type=\"hidden\" name=\"add_to_cart_room[404359aabfd6b76ad43f09d4945425a9]\" value=\"246\" \/>\n\t\t<input type=\"hidden\" name=\"rate_id[404359aabfd6b76ad43f09d4945425a9]\" value=\"0\" \/>\n\n\t\t<a href=\"#reserve-button\" data-selected-text-singular=\"Chambre s\u00e9lectionn\u00e9e\" data-selected-text-plural=\"Chambres s\u00e9lectionn\u00e9es\" class=\"button button--add-to-cart\">R\u00e9server maintenant<\/a>\n\n\t\t\n\t\n<\/div>\n\n\t\t\t\t<\/div><!-- .room__actions -->\n\n\t\t\t<\/div><!-- .room__content-wrapper -->\n\n\t\t\n\t\t<\/li>\n\n\t\t\t\t\n\t\t\t\t\t\n<li class=\"listing__room listing__room--standard post-247 room type-room status-publish has-post-thumbnail hentry\">\n\n\t<div class=\"room__content-wrapper\">\n\n\t\t<div class=\"room__content room__content--listing\">\n\n\t\t\t\n\n<h3 class=\"room__name room__name--listing\"><a class=\"room__link room__link--listing\" href=\"https:\/\/casasuspiro.com\/index.php\/rooms\/chambre-premium-2\/\" rel=\"bookmark\">Chambre premium 2<\/a><\/h3>\n\n\t\t\t<div class=\"room__gallery room__gallery--listing\">\n\n\t\t\t\t\n<div class=\"room__image room__image--listing\">\n\n\t<a href=\"https:\/\/casasuspiro.com\/wp-content\/uploads\/2026\/03\/casa-de-pueblo-estepona-260-748087-1920w-5.jpg\" data-size=\"1920x897\" data-index=\"0\" class=\"room__gallery-thumbnail room__gallery-thumbnail--visible room__gallery-thumbnail--listing\" title=\"\"><img decoding=\"async\" width=\"75\" height=\"75\" src=\"https:\/\/casasuspiro.com\/wp-content\/uploads\/2026\/03\/casa-de-pueblo-estepona-260-748087-1920w-5-75x75.jpg\" class=\"attachment-room_thumbnail size-room_thumbnail wp-post-image\" alt=\"casa-de-pueblo-estepona-260-748087-1920w (5)\" title=\"casa-de-pueblo-estepona-260-748087-1920w (5)\" srcset=\"https:\/\/casasuspiro.com\/wp-content\/uploads\/2026\/03\/casa-de-pueblo-estepona-260-748087-1920w-5-75x75.jpg 75w, https:\/\/casasuspiro.com\/wp-content\/uploads\/2026\/03\/casa-de-pueblo-estepona-260-748087-1920w-5-150x150.jpg 150w, https:\/\/casasuspiro.com\/wp-content\/uploads\/2026\/03\/casa-de-pueblo-estepona-260-748087-1920w-5-300x300.jpg 300w, https:\/\/casasuspiro.com\/wp-content\/uploads\/2026\/03\/casa-de-pueblo-estepona-260-748087-1920w-5-600x600.jpg 600w\" sizes=\"(max-width: 75px) 100vw, 75px\" \/><\/a><\/div>\n\n\t<p><a href=\"#thumbnails-247\" class=\"room__gallery-link room__gallery-link--listing\" data-index=\"0\">Voir la galerie<\/a><\/p>\n\n\t<ul style=\"display:none\">\n\n\t\t<li><a href=\"https:\/\/casasuspiro.com\/wp-content\/uploads\/2026\/03\/casa-de-pueblo-estepona-260-748087-1920w-5.jpg\" data-size=\"1920x897\" data-index=\"1\" class=\"room__gallery-thumbnail room__gallery-thumbnail--listing\" title=\"\">casa-de-pueblo-estepona-260-748087-1920w (5)<\/a><\/li><li><a href=\"https:\/\/casasuspiro.com\/wp-content\/uploads\/2026\/03\/29-1.png\" data-size=\"1920x1080\" data-index=\"2\" class=\"room__gallery-thumbnail room__gallery-thumbnail--listing\" title=\"\">29 (1)<\/a><\/li><li><a href=\"https:\/\/casasuspiro.com\/wp-content\/uploads\/2026\/03\/bathroom-down-the-hall-1.jpg\" data-size=\"2400x1633\" data-index=\"3\" class=\"room__gallery-thumbnail room__gallery-thumbnail--listing\" title=\"\">bathroom down the hall (1)<\/a><\/li><li><a href=\"https:\/\/casasuspiro.com\/wp-content\/uploads\/2026\/03\/15931129456437576511a808e6aeb2dd0510f739d0-1.jpg\" data-size=\"2400x1600\" data-index=\"4\" class=\"room__gallery-thumbnail room__gallery-thumbnail--listing\" title=\"\">15931129456437576511a808e6aeb2dd0510f739d0 (1)<\/a><\/li>\n\t<\/ul>\n\n\n\t\t\t<\/div>\n\n\t\t\t\n<div class=\"room__description room__description--listing\">\n\t<p>Situ\u00e9e au premier \u00e9tage, cette chambre premium fait 30m2, incluant une salle de bain non attenante.  Elle b\u00e9n\u00e9ficie de plusieurs balcons, un orient\u00e9 vers le patio et d\u2019autres donnant sur la ruelle.<\/p>\n<\/div>\n\n<p class=\"room__more\"><a class=\"room__more-link\" href=\"#room-details-247\" data-closed=\"En savoir plus sur cette chambre\" data-open=\"Masquer les d\u00e9tails de la chambre\">En savoir plus sur cette chambre<\/a><\/p>\n\n\t\t\t<div id=\"room-details-247\" class=\"room__details room__details--listing\">\n\n\t\t\t\t\n\n<div class=\"room__meta room__meta--listing\">\n\n\t\t\t<p class=\"room__size room__size--listing\"><strong>Taille de la chambre\u00a0:<\/strong> 30 m\u00b2<\/p>\n\t\n\t\n<\/div>\n\n\t\t\t<\/div>\n\n\t\t\t\n<div class=\"room__deposit room__deposit--listing\">\n\t<span class=\"room__deposit-label room__deposit-label--listing\">Acompte obligatoire<\/span>\n\t<span class=\"room__deposit-amount room__deposit-amount--listing\">20%<\/span>\n<\/div>\n\n\n\t\t\t\n<div class=\"room__max-guests\">\n\t<strong class=\"room__max-guests-label\">Clients\u00a0:<\/strong> <span class=\"max max3\">3<\/span>\n\n\t<\/div>\n\n\t\t\t\n\t\t\t\n\t\t\t\n\t\t\t\n\t\t\t\t\n\n\t\t\t\n\t\t<\/div><!-- .room__content -->\n\n\t\t<div class=\"room__actions\">\n\n\t\t\n\t<div class=\"room__price-wrapper room__price-wrapper--listing\">\n\t\t<span class=\"room__price room__price--listing\">Prix\u00a0: <span class=\"amount\">&euro;180.00<\/span><\/span>\n\t\t<span class=\"room__price-description\">Les prix sont par chambre<\/span>\n\t<\/div>\n\n\n\t\t\n\t\t\t\t\n\t\t\t\t\n<div class=\"add-to-cart-wrapper\">\n\n\t\n\t\t\n\t\t\n<div class=\"room-quantity\">\n\t<label class=\"room-quantity__label\" for=\"add-to-cart-room[c0249f3390816615cfa15ef6ecf517b1]\">Num\u00e9ro de chambre<\/label>\n\t<input type=\"number\" id=\"add-to-cart-room[c0249f3390816615cfa15ef6ecf517b1]\" step=\"1\" min=\"0\" max=\"3\" name=\"quantity[c0249f3390816615cfa15ef6ecf517b1]\" value=\"0\" title=\"Qt\u00e9\" class=\"input-text room-quantity__input\" size=\"4\" \/>\n\n\t\n\t\n\t<\/div>\n\n\t\t<input type=\"hidden\" name=\"add_to_cart_room[c0249f3390816615cfa15ef6ecf517b1]\" value=\"247\" \/>\n\t\t<input type=\"hidden\" name=\"rate_id[c0249f3390816615cfa15ef6ecf517b1]\" value=\"0\" \/>\n\n\t\t<a href=\"#reserve-button\" data-selected-text-singular=\"Chambre s\u00e9lectionn\u00e9e\" data-selected-text-plural=\"Chambres s\u00e9lectionn\u00e9es\" class=\"button button--add-to-cart\">R\u00e9server maintenant<\/a>\n\n\t\t\n\t\n<\/div>\n\n\t\t\t\t<\/div><!-- .room__actions -->\n\n\t\t\t<\/div><!-- .room__content-wrapper -->\n\n\t\t\n\t\t<\/li>\n\n\t\t\t\t\n\t\t\t\t\t\n<li class=\"listing__room listing__room--standard post-248 room type-room status-publish has-post-thumbnail hentry\">\n\n\t<div class=\"room__content-wrapper\">\n\n\t\t<div class=\"room__content room__content--listing\">\n\n\t\t\t\n\n<h3 class=\"room__name room__name--listing\"><a class=\"room__link room__link--listing\" href=\"https:\/\/casasuspiro.com\/index.php\/rooms\/chambre-premium-4\/\" rel=\"bookmark\">Chambre premium 4<\/a><\/h3>\n\n\t\t\t<div class=\"room__gallery room__gallery--listing\">\n\n\t\t\t\t\n<div class=\"room__image room__image--listing\">\n\n\t<a href=\"https:\/\/casasuspiro.com\/wp-content\/uploads\/2026\/03\/larger-bedroom.jpg\" data-size=\"2400x1606\" data-index=\"0\" class=\"room__gallery-thumbnail room__gallery-thumbnail--visible room__gallery-thumbnail--listing\" title=\"\"><img loading=\"lazy\" decoding=\"async\" width=\"75\" height=\"75\" src=\"https:\/\/casasuspiro.com\/wp-content\/uploads\/2026\/03\/larger-bedroom-75x75.jpg\" class=\"attachment-room_thumbnail size-room_thumbnail wp-post-image\" alt=\"larger bedroom\" title=\"larger bedroom\" srcset=\"https:\/\/casasuspiro.com\/wp-content\/uploads\/2026\/03\/larger-bedroom-75x75.jpg 75w, https:\/\/casasuspiro.com\/wp-content\/uploads\/2026\/03\/larger-bedroom-150x150.jpg 150w, https:\/\/casasuspiro.com\/wp-content\/uploads\/2026\/03\/larger-bedroom-300x300.jpg 300w, https:\/\/casasuspiro.com\/wp-content\/uploads\/2026\/03\/larger-bedroom-600x600.jpg 600w\" sizes=\"(max-width: 75px) 100vw, 75px\" \/><\/a><\/div>\n\n\t<p><a href=\"#thumbnails-248\" class=\"room__gallery-link room__gallery-link--listing\" data-index=\"0\">Voir la galerie<\/a><\/p>\n\n\t<ul style=\"display:none\">\n\n\t\t<li><a href=\"https:\/\/casasuspiro.com\/wp-content\/uploads\/2026\/03\/larger-bedroom.jpg\" data-size=\"2400x1606\" data-index=\"1\" class=\"room__gallery-thumbnail room__gallery-thumbnail--listing\" title=\"\">larger bedroom<\/a><\/li><li><a href=\"https:\/\/casasuspiro.com\/wp-content\/uploads\/2026\/03\/1593112941bdcfa41cef55642e2672c006a53ebb69-2.jpg\" data-size=\"1594x2400\" data-index=\"2\" class=\"room__gallery-thumbnail room__gallery-thumbnail--listing\" title=\"\">1593112941bdcfa41cef55642e2672c006a53ebb69 (2)<\/a><\/li><li><a href=\"https:\/\/casasuspiro.com\/wp-content\/uploads\/2026\/03\/bathroom-down-the-hall-2.jpg\" data-size=\"2400x1633\" data-index=\"3\" class=\"room__gallery-thumbnail room__gallery-thumbnail--listing\" title=\"\">bathroom down the hall (2)<\/a><\/li><li><a href=\"https:\/\/casasuspiro.com\/wp-content\/uploads\/2026\/03\/15931129456437576511a808e6aeb2dd0510f739d0-2.jpg\" data-size=\"2400x1600\" data-index=\"4\" class=\"room__gallery-thumbnail room__gallery-thumbnail--listing\" title=\"\">15931129456437576511a808e6aeb2dd0510f739d0 (2)<\/a><\/li><li><a href=\"https:\/\/casasuspiro.com\/wp-content\/uploads\/2026\/03\/1593112952693ef4041b864174832f426146f779a0-1.jpg\" data-size=\"2400x1600\" data-index=\"5\" class=\"room__gallery-thumbnail room__gallery-thumbnail--listing\" title=\"\">1593112952693ef4041b864174832f426146f779a0 (1)<\/a><\/li><li><a href=\"https:\/\/casasuspiro.com\/wp-content\/uploads\/2026\/03\/1593112954bb374bd4c35c9ce478f079ffa3895cb0-1.jpg\" data-size=\"2400x1563\" data-index=\"6\" class=\"room__gallery-thumbnail room__gallery-thumbnail--listing\" title=\"\">1593112954bb374bd4c35c9ce478f079ffa3895cb0 (1)<\/a><\/li>\n\t<\/ul>\n\n\n\t\t\t<\/div>\n\n\t\t\t\n<div class=\"room__description room__description--listing\">\n\t<p>Situ\u00e9e au deuxi\u00e8me \u00e9tage, cette chambre premium fait 30m2, incluant une salle de bain non attenante.  Elle b\u00e9n\u00e9ficie de plusieurs balcons, un orient\u00e9 vers le patio et l\u2019autre donnant sur la ruelle avec en prime une vue mer partielle.<\/p>\n<\/div>\n\n<p class=\"room__more\"><a class=\"room__more-link\" href=\"#room-details-248\" data-closed=\"En savoir plus sur cette chambre\" data-open=\"Masquer les d\u00e9tails de la chambre\">En savoir plus sur cette chambre<\/a><\/p>\n\n\t\t\t<div id=\"room-details-248\" class=\"room__details room__details--listing\">\n\n\t\t\t\t\n\n<div class=\"room__meta room__meta--listing\">\n\n\t\t\t<p class=\"room__size room__size--listing\"><strong>Taille de la chambre\u00a0:<\/strong> 30 m\u00b2<\/p>\n\t\n\t\n<\/div>\n\n\t\t\t<\/div>\n\n\t\t\t\n<div class=\"room__deposit room__deposit--listing\">\n\t<span class=\"room__deposit-label room__deposit-label--listing\">Acompte obligatoire<\/span>\n\t<span class=\"room__deposit-amount room__deposit-amount--listing\">20%<\/span>\n<\/div>\n\n\n\t\t\t\n<div class=\"room__max-guests\">\n\t<strong class=\"room__max-guests-label\">Clients\u00a0:<\/strong> <span class=\"max max4\">4<\/span>\n\n\t<\/div>\n\n\t\t\t\n\t\t\t\n\t\t\t\n\t\t\t\n\t\t\t\t\n\n\t\t\t\n\t\t<\/div><!-- .room__content -->\n\n\t\t<div class=\"room__actions\">\n\n\t\t\n\t<div class=\"room__price-wrapper room__price-wrapper--listing\">\n\t\t<span class=\"room__price room__price--listing\">Prix\u00a0: <span class=\"amount\">&euro;180.00<\/span><\/span>\n\t\t<span class=\"room__price-description\">Les prix sont par chambre<\/span>\n\t<\/div>\n\n\n\t\t\n\t\t\t\t\n\t\t\t\t\n<div class=\"add-to-cart-wrapper\">\n\n\t\n\t\t\n\t\t\n<div class=\"room-quantity\">\n\t<label class=\"room-quantity__label\" for=\"add-to-cart-room[26820db767f295b2b10d9b79bce95313]\">Num\u00e9ro de chambre<\/label>\n\t<input type=\"number\" id=\"add-to-cart-room[26820db767f295b2b10d9b79bce95313]\" step=\"1\" min=\"0\" max=\"3\" name=\"quantity[26820db767f295b2b10d9b79bce95313]\" value=\"0\" title=\"Qt\u00e9\" class=\"input-text room-quantity__input\" size=\"4\" \/>\n\n\t\n\t\n\t<\/div>\n\n\t\t<input type=\"hidden\" name=\"add_to_cart_room[26820db767f295b2b10d9b79bce95313]\" value=\"248\" \/>\n\t\t<input type=\"hidden\" name=\"rate_id[26820db767f295b2b10d9b79bce95313]\" value=\"0\" \/>\n\n\t\t<a href=\"#reserve-button\" data-selected-text-singular=\"Chambre s\u00e9lectionn\u00e9e\" data-selected-text-plural=\"Chambres s\u00e9lectionn\u00e9es\" class=\"button button--add-to-cart\">R\u00e9server maintenant<\/a>\n\n\t\t\n\t\n<\/div>\n\n\t\t\t\t<\/div><!-- .room__actions -->\n\n\t\t\t<\/div><!-- .room__content-wrapper -->\n\n\t\t\n\t\t<\/li>\n\n\t\t\t\t\n\t\t\t\n\t\t\n<\/ul>\n\n\t\t\n\t\t\n<div id=\"reserve-rooms-button\">\n\n\t<input type=\"hidden\" id=\"_wpnonce\" name=\"_wpnonce\" value=\"a5c71cc46c\" \/><input type=\"hidden\" name=\"_wp_http_referer\" value=\"\/index.php\/wp-json\/wp\/v2\/pages\/34\" \/>\n\t\n\t<input type=\"submit\" class=\"button button--reserve\" name=\"hotelier_reserve_rooms_button\" id=\"reserve-button\" value=\"R\u00e9server\" \/>\n\t\n<\/div>\n\n\t\t\n\t<\/form>\n\n\n<\/div><\/div>\n\t\t\t\t\t\t<\/div>\n\t\t\t\t\t<\/div>\n\t\t\t\t<\/div>\n\t\t\t\t<\/div>\n\t\t","protected":false},"excerpt":{"rendered":"","protected":false},"author":1,"featured_media":0,"parent":0,"menu_order":0,"comment_status":"closed","ping_status":"closed","template":"elementor_header_footer","meta":{"footnotes":""},"class_list":["post-34","page","type-page","status-publish","hentry"],"_links":{"self":[{"href":"https:\/\/casasuspiro.com\/index.php\/wp-json\/wp\/v2\/pages\/34","targetHints":{"allow":["GET"]}}],"collection":[{"href":"https:\/\/casasuspiro.com\/index.php\/wp-json\/wp\/v2\/pages"}],"about":[{"href":"https:\/\/casasuspiro.com\/index.php\/wp-json\/wp\/v2\/types\/page"}],"author":[{"embeddable":true,"href":"https:\/\/casasuspiro.com\/index.php\/wp-json\/wp\/v2\/users\/1"}],"replies":[{"embeddable":true,"href":"https:\/\/casasuspiro.com\/index.php\/wp-json\/wp\/v2\/comments?post=34"}],"version-history":[{"count":10,"href":"https:\/\/casasuspiro.com\/index.php\/wp-json\/wp\/v2\/pages\/34\/revisions"}],"predecessor-version":[{"id":235,"href":"https:\/\/casasuspiro.com\/index.php\/wp-json\/wp\/v2\/pages\/34\/revisions\/235"}],"wp:attachment":[{"href":"https:\/\/casasuspiro.com\/index.php\/wp-json\/wp\/v2\/media?parent=34"}],"curies":[{"name":"wp","href":"https:\/\/api.w.org\/{rel}","templated":true}]}}